
-d1
Convert -21004 (base 10) to base 7.
-115144
Convert 4044 (base 7) to base 15.
639
3299 (base 11) to base 15
1448
Convert -3589 (base 10) to base 9.
-4827
What is 16434 (base 8) in base 2?
1110100011100
Convert -471 (base 8) to base 5.
-2223
Convert -510511 (base 6) to base 12.
-1b437
What is -405 (base 7) in base 9?
-243
What is 112301 (base 5) in base 11?
3076
Convert 200000002 (base 3) to base 14.
4ad6
Convert -23321 (base 4) to base 9.
-1035
6777 (base 10) to base 11
5101
Convert -320 (base 11) to base 3.
-112021
What is -121 (base 15) in base 14?
-144
18835 (base 10) to base 3
221211121
-9a87 (base 12) to base 4
-10023013
23434 (base 7) to base 4
1132210
Convert 1866 (base 9) to base 6.
10353
Convert -3647 (base 9) to base 3.
-10201121
What is -2a6 (base 12) in base 3?
-120100
Convert -2300333 (base 4) to base 13.
-5204
What is 2d86 (base 14) in base 6?
101430
Convert 4324 (base 5) to base 15.
294
Convert -12313 (base 4) to base 6.
-2011
Convert 1bb (base 13) to base 12.
22b
What is -10000011001 (base 2) in base 3?
-1102212
-73 (base 8) to base 15
-3e
-130 (base 15) to base 9
-330
What is 1213 (base 4) in base 3?
10211
2771 (base 16) to base 13
4799
What is -a3 (base 15) in base 6?
-413
Convert 23102 (base 5) to base 7.
4550
Convert -4b83 (base 14) to base 13.
-6050
-748 (base 9) to base 3
-211122
What is 13400 (base 6) in base 8?
4050
393 (base 13) to base 3
212020
Convert -2270 (base 10) to base 14.
-b82
Convert 714 (base 8) to base 6.
2044
Convert -24430 (base 5) to base 2.
-11101001001
What is -a00 (base 15) in base 10?
-2250
What is 250 (base 13) in base 7?
1114
What is 10e6 (base 16) in base 5?
114301
What is 1223041 (base 5) in base 14?
8801
-10010001000111 (base 2) to base 10
-9287
Convert -21321 (base 5) to base 13.
-885
What is 134455 (base 6) in base 2?
11000110100011
What is 3143 (base 12) in base 14?
1d63
Convert 14331 (base 5) to base 3.
1200001
What is -1011001101100 (base 2) in base 7?
-22510
Convert -11360 (base 7) to base 13.
-1448
dba (base 15) to base 7
12016
What is -162 (base 15) in base 13?
-1b5
300220 (base 4) to base 15
dc7
Convert 113534 (base 6) to base 4.
2123002
-531 (base 12) to base 10
-757
What is -10021 (base 3) in base 12?
-74
What is 13102 (base 5) in base 3?
1102001
-311330 (base 4) to base 9
-4655
What is 2400 (base 6) in base 5?
4301
What is 8135 (base 12) in base 16?
36b9
What is -42740 (base 8) in base 13?
-81b0
-1126 (base 7) to base 5
-3122
What is 175 (base 14) in base 11?
252
-11011101 (base 2) to base 9
-265
Convert 1310220 (base 4) to base 7.
30522
-3032021 (base 4) to base 14
-4b45
What is -11110001100110 (base 2) in base 12?
-8b46
What is -130535 (base 6) in base 4?
-2321123
Convert -1eab (base 15) to base 16.
-1a1e
-30113 (base 6) to base 14
-160d
Convert 14a1 (base 12) to base 13.
1147
-2322 (base 6) to base 14
-2b8
What is 32195 (base 10) in base 5?
2012240
Convert -2042 (base 6) to base 7.
-1223
Convert 234b (base 13) to base 11.
3803
What is 1001 (base 14) in base 4?
222321
Convert -41 (base 6) to base 10.
-25
-124001 (base 6) to base 11
-8492
Convert 385c (base 16) to base 4.
3201130
-444 (base 8) to base 3
-101211
Convert -4726 (base 9) to base 7.
-13140
-1000102110 (base 3) to base 9
-30373
-3052 (base 6) to base 2
-1010101000
What is -329 (base 15) in base 4?
-23022
Convert -57764 (base 11) to base 15.
-19ac9
What is -15646 (base 7) in base 8?
-10534
Convert -52cd (base 16) to base 12.
-10325
What is -1233003 (base 4) in base 9?
-10666
-11000000011010 (base 2) to base 12
-7162
Convert -196 (base 12) to base 16.
-102
Convert 111002 (base 3) to base 14.
1b3
Convert 110010010101001 (base 2) to base 3.
1022100102
What is -56425 (base 7) in base 12?
-831a
-354c (base 13) to base 2
-1110101001100
Convert -24015 (base 9) to base 14.
-5bc8
1636 (base 7) to base 9
817
What is 13220 (base 6) in base 5?
31103
What is -2203413 (base 5) in base 14?
-dbb1
Convert 512 (base 15) to base 11.
949
What is 101110000000 (base 2) in base 15?
d14
What is 614c (base 14) in base 5?
1013403
Convert 12c (base 13) to base 9.
250
-103555 (base 8) to base 3
-1202120001
Convert 4a0 (base 12) to base 3.
221210
Convert 33202 (base 4) to base 5.
12434
Convert -163 (base 12) to base 2.
-11011011
What is 9ab1 (base 12) in base 11?
11959
What is 22230 (base 4) in base 7?
1665
What is 504 (base 6) in base 4?
2320
Convert 25 (base 15) to base 14.
27
What is 344 (base 12) in base 3?
122221
What is -1b8b (base 13) in base 8?
-10113
bb25 (base 14) to base 12
16899
What is -7707 (base 9) in base 15?
-1a37
Convert 170a7 (base 11) to base 8.
57013
100101100000100 (base 2) to base 6
224524
36619 (base 10) to base 13
1388b
40222 (base 5) to base 7
10320
-53305 (base 7) to base 13
-6004
73 (base 9) to base 12
56
What is -1313 (base 5) in base 14?
-10c
What is 303 (base 4) in base 12?
43
-112 (base 15) to base 12
-182
-400a (base 13) to base 3
-110001212
-5cb (base 14) to base 15
-524
Convert 11100011010 (base 2) to base 15.
813
Convert -2b44 (base 15) to base 7.
-36040
Convert 30332 (base 4) to base 5.
11310
Convert -101100001101 (base 2) to base 8.
-5415
5c2 (base 15) to base 16
51b
-25015 (base 7) to base 14
-2545
Convert 22201 (base 3) to base 7.
454
Convert 4970 (base 10) to base 9.
6732
What is 10100111011000101 (base 2) in base 10?
85701
Convert 156 (base 13) to base 2.
11110000
Convert 4134 (base 6) to base 7.
2455
What is 8cc (base 16) in base 10?
2252
Convert -b318 (base 12) to base 15.
-5b75
What is -3060 (base 12) in base 14?
-1cb6
Convert 14223 (base 6) to base 9.
3066
Convert 10011000011 (base 2) to base 8.
2303
Convert -5516 (base 7) to base 9.
-2632
What is 1034 (base 10) in base 11?
860
-394 (base 15) to base 7
-2242
-60034 (base 7) to base 6
-150451
Convert -14aa (base 13) to base 6.
-21541
-1110110 (base 4) to base 10
-5396
103324 (base 5) to base 10
3589
Convert -40a (base 13) to base 12.
-492
114422 (base 7) to base 9
31462
Convert 2220020220 (base 3) to base 15.
11d83
Convert 3447 (base 13) to base 5.
213301
2633 (base 7) to base 6
4352
What is 30303 (base 4) in base 16?
333
What is -1021100 (base 3) in base 13?
-564
What is -1010310 (base 4) in base 3?
-20001010
-246 (base 8) to base 15
-b1
Convert -132515 (base 7) to base 12.
-12535
What is 1463 (base 16) in base 2?
1010001100011
-1042 (base 6) to base 5
-1432
What is -2891 (base 11) in base 3?
-12010011
Convert -a90 (base 15) to base 13.
-1116
What is -100111110000111 (base 2) in base 7?
-113233
Convert 2132321 (base 4) to base 12.
5a75
What is 1031010 (base 4) in base 11?
3784
-396 (base 11) to base 2
-111010100
Convert 8751 (base 9) to base 12.
3891
5392 (base 13) to base 10
11611
What is 101011011001 (base 2) in base 4?
223121
Convert -123 (base 7) to base 10.
-66
Convert -1245 (base 9) to base 2.
-1110100100
Convert c4 (base 16) to base 4.
3010
What is -af (base 16) in base 6?
-451
What is -2a0 (base 12) in base 15?
-1c3
Convert -3040433 (base 5) to base 10.
-49493
Convert -3493 (base 12) to base 16.
-16ef
1 (base 9) to base 3
1
What is 1370 (base 8) in base 2?
1011111000
What is 145544 (base 6) in base 8?
33650
-391 (base 10) to base 6
-1451
What is -800 (base 10) in base 13?
-497
Convert 9228 (base 10) to base 9.
13583
What is -2a511 (base 12) in base 16?
-e85d
What is 4475 (base 12) in base 16?
1d99
Convert 13165 (base 10) to base 13.
5cb9
What is 2342 (base 8) in base 9?
1638
122111210 (base 3) to base 13
5a6c
Convert -3879 (base 11) to base 13.
-23b3
1200012202 (base 3) to base 4
20003000
What is -101001110001 (base 2) in base 11?
-2010
What is -2311 (base 12) in base 13?
-1a11
What is -a656 (base 11) in base 2?
-11011100010001
2400 (base 6) to base 15
286
What is 1571 (base 11) in base 6?
13154
Convert -22402 (base 8) to base 5.
-300344
What is 8365 (base 9) in base 3?
22102012
-3202231 (base 4) to base 15
-4474
Convert 23335 (base 7) to base 16.
1774
What is -101001111001010 (base 2) in base 9?
-32373
Convert 292a (base 12) to base 3.
20120021
What is 1101100101001 (base 2) in base 11?
5251
Convert -328 (base 13) to base 4.
-20131
What is -112530 (base 7) in base 12?
-b800
13113 (base 4) to base 16
1d7
-46461 (base 8) to base 3
-1000002220
What is -122101 (base 4) in base 10?
-1681
Convert 135 (base 15) to base 5.
2100
Convert -15657 (b